h(-5)?
-32
Let r(f) = -f**3 - 122*f**2 + 954*f + 6472. What is r(-129)?
-107
Let d(p) = 3*p**2 + 2377*p + 28126. Determine d(-12).
34
Let b(p) = 2*p**3 + 218*p**2 - 934*p - 3388. What is b(-113)?
2
Let i(z) = -4*z**3 + 48*z**2 + 25*z - 166. What is i(12)?
134
Let s(p) = -123793*p + 495443. Give s(4).
271
Let q(c) = -c**2 - 71228*c + 5776034. Give q(81).
5
Let t(d) = -445*d - 6504. Calculate t(-14).
-274
Let o(n) = 2*n**3 - 71*n**2 - 2922*n - 1074. Calculate o(60).
6
Let g(s) = 5690*s - 96751. Calculate g(17).
-21
Let l(w) = 2*w**3 - 93*w**2 - 118*w - 682. What is l(48)?
566
Let y(l) = -2890*l - 901718. Give y(-312).
-38
Let y(v) = 51*v**2 + 3042*v + 11361. What is y(-4)?
9
Let n(i) = 8*i**3 + 1247*i**2 - 156*i + 19. Calculate n(-156).
19
Let a(h) = 4*h**3 - 259*h**2 + 181*h + 89. Calculate a(64).
-615
Let x(m) = 2210*m + 278528. Calculate x(-126).
68
Let k(n) = n**3 + 68*n**2 + 1088*n - 152. What is k(-42)?
16
Let d(v) = 2418*v + 425552. What is d(-176)?
-16
Let q(o) = 3849*o + 107806. Determine q(-28).
34
Let n(b) = -10543*b + 69266. Determine n(6).
6008
Let d(n) = -105*n - 32755. Give d(-312).
5
Let o(k) = -8*k**2 + 120*k + 1454. Determine o(-8).
-18
Let x(q) = 12*q**3 + 184*q**2 - 314*q + 26. Give x(-17).
-416
Let u(a) = -a**2 + 2723*a - 198344. Determine u(75).
256
Let r(z) = z**3 - 22*z**2 + 116*z - 1044. Give r(23).
2153
Let x(q) = q**2 + 883*q + 129650. Give x(-186).
8
Let q(w) = -w**3 + 13*w**2 + 5613*w - 359. Calculate q(82).
-4049
Let h(b) = -15*b**3 - 185*b**2 + 41*b + 53. Give h(-11).
-2818
Let t(i) = -1570*i - 566774. Give t(-361).
-4
Let a(j) = 48*j**2 + 6517*j - 1511. Determine a(-136).
-15
Let r(b) = 205*b - 5585. Determine r(30).
565
Let c(k) = 1674*k - 33847. Give c(23).
4655
Let j(m) = 11*m**2 + 48520*m + 48520. What is j(-1)?
11
Let b(j) = -211*j + 9320. Give b(43).
247
Let m(v) = 13*v**2 - 117*v - 35. Determine m(11).
251
Let u(d) = d**2 - 226*d - 4212. Determine u(-18).
180
Let r(n) = -2*n**3 + 1341*n**2 - 469*n - 134615. Determine r(670).
55
Let z(m) = -m**3 + 44*m**2 + 145*m - 6683. What is z(44)?
-303
Let o(b) = 700*b**2 - 131*b + 27. Give o(-2).
3089
Let v(w) = 204*w + 5882. Give v(-27).
374
Let k(i) = -197*i**2 - 11239*i - 574. Give k(-57).
-4
Let y(g) = -22*g**2 + 3243*g - 10802. Determine y(144).
-2
Let o(t) = 39*t**3 - 382*t**2 - 3697*t + 3. Calculate o(-6).
9
Let s(o) = 109*o**2 + 1007*o + 2307. What is s(-5)?
-3
Let k(d) = -752*d**2 + 770*d + 13. Calculate k(1).
31
Let m(t) = -11482*t + 172369. What is m(15)?
139
Let c(n) = 25201*n - 1638068. What is c(65)?
-3
Let t(z) = -4*z**3 + 447*z**2 + 108*z + 999. What is t(112)?
551
Let o(p) = 3*p**3 - 38*p**2 - 660*p + 885. Give o(22).
-83
Let l(c) = 7*c**2 + 876*c + 26142. Calculate l(-76).
-2
Let h(a) = -129*a**2 + 19*a - 111. Calculate h(0).
-111
Let f(h) = -2*h**3 - 418*h**2 - 21530*h - 240. What is f(-117)?
-6
Let x(h) = -h**3 + 7*h**2 + 38*h - 98. Calculate x(3).
52
Let j(w) = 23*w**3 - 6249*w**2 - 1958*w + 14692. What is j(272)?
4
Let n(u) = 274*u - 256. Determine n(1).
18
Let c(m) = 6*m**2 + 179*m - 87. Calculate c(-10).
-1277
Let n(i) = 107*i**2 - 1798*i + 4237. What is n(14)?
37
Let l(c) = -802793*c + 5619535. What is l(7)?
-16
Let m(q) = -29647*q + 118579. Calculate m(4).
-9
Let f(u) = -3*u**3 + 341*u**2 + 97*u + 208. Calculate f(114).
-1730
Let l(c) = 83*c + 8492. What is l(-101)?
109
Let k(a) = -6*a**3 - 439*a**2 - 131*a - 4198. Calculate k(-73).
36
Let n(j) = 23262*j + 46522. Determine n(-2).
-2
Let z(v) = v**3 - 15*v**2 + 12*v + 357. Determine z(-9).
-1695
Let a(c) = 351*c + 16647. Give a(-49).
-552
Let q(j) = j**3 + 32*j**2 - 54*j - 2774. Give q(-28).
1874
Let y(d) = -16*d**2 + 949*d - 947. Give y(1).
-14
Let l(f) = -f**3 - 1726*f**2 - 8600*f + 4. Give l(-5).
-21
Let u(l) = l**2 + 53*l - 976. Give u(-68).
44
Let r(j) = 97*j + 17635. What is r(-183)?
-116
Let j(s) = -468156*s - 2809016. What is j(-6)?
-80
Let c(q) = 35729*q + 1536356. Determine c(-43).
9
Let j(p) = 3*p**2 - 20884*p + 146080. Determine j(7).
39
Let a(v) = 9359*v**2 - 205884*v - 314. Give a(22).
-6
Let r(t) = -28*t**2 + 7479*t - 271. What is r(267)?
530
Let y(c) = c**3 + 43*c**2 + 94*c + 49. What is y(-41)?
-443
Let n(c) = -6*c**3 + 2290*c**2 + 738*c + 10269. Give n(382).
337
Let d(u) = u**3 - 24*u**2 + 10*u - 53. Calculate d(14).
-1873
Let j(h) = -14561*h - 262122. Calculate j(-18).
-24
Let n(l) = -l**3 + 44*l**2 - 608*l + 24378. Calculate n(43).
83
Let v(m) = -3*m**3 + 1849*m**2 - 2457*m - 1815. Determine v(615).
30
Let l(b) = -2325*b - 237139. What is l(-102)?
11
Let s(y) = -153*y + 1900. Give s(10).
370
Let n(z) = -16*z**2 + 22*z - 50. Give n(4).
-218
Let t(p) = 35653*p + 142597. Give t(-4).
-15
Let g(s) = -6*s**3 - 1472*s**2 - 628*s - 33815. Calculate g(-245).
-5
Let j(g) = g**3 + 4*g**2 + 39*g + 32. Calculate j(0).
32
Let s(o) = -o**2 + 465*o + 74136. What is s(-125)?
386
Let n(s) = -s**3 - 62*s**2 - 306*s - 32560. Determine n(-65).
5
Let j(h) = 3*h**3 - 232*h**2 + 917*h - 2. Calculate j(4).
146
Let h(o) = 53*o**2 - 710*o + 1194. What is h(2)?
-14
Let n(k) = -59433*k + 475453. Calculate n(8).
-11
Let f(b) = 103*b - 1196. Give f(9).
-269
Let d(g) = -50*g**2 - 685*g - 61. Give d(-15).
-1036
Let n(c) = -6*c**3 - 23*c**2 + 32*c + 126. What is n(-8)?
1470
Let f(t) = -580*t**2 - 1376*t - 437. Calculate f(-2).
-5
Let q(z) = 648*z - 118606. Give q(183).
-22
Let x(y) = 5*y**3 - 19*y**2 - 244*y + 922. Calculate x(7).
-2
Let u(x) = 3508*x - 7411. Give u(2).
-395
Let r(j) = j**3 + 142*j**2 - 5460*j - 775304. Calculate r(-142).
16
Let h(g) = -32*g**3 - 8*g**2 - 265*g - 544. Calculate h(-2).
210
Let h(d) = -159*d**2 - 16051*d + 818. What is h(-101)?
10
Let g(o) = 9*o**2 + 480*o - 21141. Determine g(-82).
15
Let s(l) = l**2 + 14580*l + 508997. Determine s(-35).
-78
Let r(w) = -3*w**2 + 177*w + 94957. Determine r(-151).
-173
Let o(v) = -7*v**2 + 9149*v + 406340. Determine o(-43).
-10
Let w(d) = d**2 + 1635*d - 58450. What is w(35)?
0
Let l(m) = -2*m**3 - 22*m**2 + 42*m + 940. Give l(-13).
1070
Let s(q) = -q**3 - 468*q**2 - 1855*q + 455. What is s(-464)?
-9
Let j(g) = -g**3 - 61*g**2 + 74*g + 11333. What is j(-59)?
5
Let l(a) = -3*a**3 - 93*a**2 + 2605*a - 18. Calculate l(18).
-756
Let v(y) = y**3 - 144*y**2 - 90*y - 10102. Determine v(145).
-2127
Let q(z) = -13284*z - 26605. Give q(-2).
-37
Let o(i) = i**3 + 21*i**2 + 23*i + 294. What is o(-21)?
-189
Let d(i) = -i**3 - 113*i**2 + 2969*i + 135. Calculate d(22).
113
Let t(j) = -31*j**2 + 34561*j + 4460. Give t(1115).
0
Let j(g) = 5296*g - 270026. Give j(51).
70
Let l(g) = 275*g + 1093. Give l(-5).
-282
Let j(n) = 56*n**2 - 6169*n - 80. What is j(110)?
-1070
Let m(c) = -25*c**2 - 255*c - 661. What is m(-6)?
-31
Let j(o) = 52*o**2 + 5339*o + 39389. Determine j(-8).
5
Let o(a) = -a**3 - 4*a**2 - 34*a + 81. What is o(2)?
-11
Let z(p) = -2*p**3 - 24*p**2 - 31*p - 139. Calculate z(-6).
-385
Let i(l) = -l**2 - 28181*l - 8116000. What is i(-291)?
-10
Let i(l) = 8*l**3 + 56*l**2 - 14*l + 4. Give i(5).
2334
Let y(f) = -20*f**2 + 61*f + 121. Calculate y(5).
-74
Let i(y) = 14*y**2 + 1064*y + 168. What is i(-76)?
168
Let j(o) = 398*o + 4275. What is j(-10)?
295
Let w(q) = 2*q**2 + 988*q - 16298. Determine w(16).
22
Let h(z) = 90*z**2 + 268*z + 263. Determine h(-1).
85
Let l(j) = 3*j**2 - 222*j + 168. What is l(71)?
-471
Let r(d) = -63*d**2 - 165*d + 166. Determine r(-3).
94
Let t(d) = -160*d + 5408. Give t(32).
288
Let n(o) = -5506*o - 93609. Calculate n(-17).
-7
Let k(q) = 6*q**2 + 765*q + 16271. Give k(-27).
-10
Let s(c) = -c**3 + 2778*c**2 + 30622*c - 627. Give s(-11).
0
Let o(k) = k**3 - 49*k + 205. Calculate o(-13).
-1355
Let q(z) = 5570*z + 55779. Calculate q(-10).
79
Let b(w) = 47*w**2 - 16454*w + 1404. Calculate b(350).
4
Let f(t) = -75843*t + 1820228. Determine f(24).
-4
Let c(i) = i**3 - 2207*i**2 + 80289*i + 15. Give c(37).
-22
Let s(u) = 169*u - 12059. Determine s(68).
-567
Let h(i) = -2*i**3 + 108*i**2 - 1065*i - 22. What is h(13)?
-9
Let h(l) = l**2 + 6473*l - 2445510. What is h(358)?
-12
Let a(b) = -53*b**2 - 5739*b + 5738. Determine a(1).
-54
Let j(a) = -2*a**3 - 241*a**2 - 327*a + 3584. Calculate j(-119).
14
Let d(f) = 11*f**2 - 191*f - 1366. Determine d(28).
1910
Let a(m) = 25012*m - 550293. What is a(22)?
-29
Let g(m) = 10*m**2 + 271*m - 18.